der when 36634495 is divided by 41.
11
What is the remainder when 417792694 is divided by 8?
6
Calculate the remainder when 45265211 is divided by 1968052.
15
Calculate the remainder when 87290859 is divided by 423742.
7
What is the remainder when 220378 is divided by 7857?
382
Calculate the remainder when 77818 is divided by 2183.
1413
What is the remainder when 2607767 is divided by 541?
147
Calculate the remainder when 19704468 is divided by 3940884.
48
What is the remainder when 192294 is divided by 63084?
3042
What is the remainder when 88249 is divided by 42627?
2995
Calculate the remainder when 250066 is divided by 189.
19
Calculate the remainder when 25034216 is divided by 1001368.
16
Calculate the remainder when 7560301 is divided by 1080037.
42
Calculate the remainder when 6675743 is divided by 667574.
3
Calculate the remainder when 619771 is divided by 1919.
1853
What is the remainder when 11083653 is divided by 16040?
13
What is the remainder when 1420306736 is divided by 894?
890
Calculate the remainder when 73022 is divided by 2032.
1902
Calculate the remainder when 3379324 is divided by 301.
298
Calculate the remainder when 506785 is divided by 253375.
35
Calculate the remainder when 9614468 is divided by 437016.
116
What is the remainder when 36537604 is divided by 64?
4
Calculate the remainder when 13350717 is divided by 10.
7
Calculate the remainder when 5221862 is divided by 951.
872
Calculate the remainder when 155523411 is divided by 3923.
3922
Calculate the remainder when 181351 is divided by 2184.
79
Calculate the remainder when 527396 is divided by 183.
173
Calculate the remainder when 79341 is divided by 8801.
132
Calculate the remainder when 7088851 is divided by 270.
1
What is the remainder when 654369 is divided by 8952?
873
Calculate the remainder when 47087 is divided by 3644.
3359
What is the remainder when 27576241 is divided by 862?
861
Calculate the remainder when 2350646 is divided by 146892.
374
Calculate the remainder when 3902674 is divided by 477.
337
Calculate the remainder when 429697 is divided by 5968.
1
What is the remainder when 2271857 is divided by 361?
84
Calculate the remainder when 25087 is divided by 24282.
805
What is the remainder when 245155 is divided by 245047?
108
What is the remainder when 9345148 is divided by 225?
223
Calculate the remainder when 12660 is divided by 451.
32
Calculate the remainder when 861387 is divided by 1164.
27
What is the remainder when 107784605 is divided by 447239?
6
Calculate the remainder when 24409497 is divided by 777.
42
Calculate the remainder when 1849688 is divided by 168152.
16
What is the remainder when 5659197 is divided by 67?
42
Calculate the remainder when 82579080 is divided by 53.
45
Calculate the remainder when 21120 is divided by 20674.
446
What is the remainder when 6432119 is divided by 1812?
1331
Calculate the remainder when 14956792 is divided by 3200.
3192
What is the remainder when 141330459 is divided by 273?
270
Calculate the remainder when 62420314 is divided by 1162.
1160
Calculate the remainder when 1217727 is divided by 304422.
39
What is the remainder when 145170731 is divided by 14?
13
Calculate the remainder when 1035983 is divided by 929.
148
Calculate the remainder when 20724625 is divided by 1229.
1227
Calculate the remainder when 2228138 is divided by 2228092.
46
Calculate the remainder when 4495464 is divided by 1970.
1894
Calculate the remainder when 222725 is divided by 222724.
1
What is the remainder when 527210176 is divided by 3?
1
Calculate the remainder when 1431307 is divided by 21.
10
What is the remainder when 51813454 is divided by 1944?
22
What is the remainder when 390152 is divided by 16939?
555
What is the remainder when 184845 is divided by 46176?
141
Calculate the remainder when 168147647 is divided by 16.
15
Calculate the remainder when 37578185 is divided by 1009.
1007
Calculate the remainder when 7497352 is divided by 749696.
392
Calculate the remainder when 326346 is divided by 1539.
78
Calculate the remainder when 198079 is divided by 546.
427
Calculate the remainder when 75380355 is divided by 161.
155
Calculate the remainder when 51422 is divided by 12346.
2038
Calculate the remainder when 31589273 is divided by 199932.
17
Calculate the remainder when 43134 is divided by 6754.
2610
What is the remainder when 2748427 is divided by 3574?
21
Calculate the remainder when 267672 is divided by 254.
210
What is the remainder when 2012867 is divided by 612?
611
What is the remainder when 414347994 is divided by 8800?
8794
Calculate the remainder when 270386 is divided by 131.
2
Calculate the remainder when 243706 is divided by 12.
10
Calculate the remainder when 124319 is divided by 164.
7
What is the remainder when 12793 is divided by 993?
877
Calculate the remainder when 11530184 is divided by 7.
1
Calculate the remainder when 883768 is divided by 441834.
100
Calculate the remainder when 393798878 is divided by 522.
512
What is the remainder when 17683441 is divided by 177?
79
What is the remainder when 2615933 is divided by 6777?
11
What is the remainder when 293729 is divided by 2880?
2849
What is the remainder when 342841 is divided by 832?
57
What is the remainder when 697006 is divided by 201?
139
What is the remainder when 8059874 is divided by 1416?
2
Calculate the remainder when 6979094 is divided by 6979082.
12
Calculate the remainder when 42525821 is divided by 106.
105
What is the remainder when 12253 is divided by 406?
73
Calculate the remainder when 122910 is divided by 120327.
2583
What is the remainder when 30739 is divided by 14515?
1709
What is the remainder when 1649192 is divided by 145?
107
Calculate the remainder when 15789 is divided by 2662.
2479
What is the remainder when 8247037 is divided by 1511?
1510
What is the remainder when 22245470 is divided by 3651?
3578
What is the remainder when 455492 is divided by 395?
57
What is the remainder when 15946630 is divided by 702?
700
What is the remainder when 1624153 is divided by 8460?
8293
What is the remainder when 1709691 is divided by 493?
460
Calculate the remainder when 48774 is divided by 3160.
1374
Calculate the remainder when 11233241 is divided by 68.
49
What is the remainder when 1112451 is divided by 32?
3
Calculate the remainder when 1165834 is divided by 25.
9
What is the remainder when 8985 is divided by 1259?
172
What is the remainder when 93973966 is divided by 396?
394
What is the remainder when 189867299 is divided by 12?
11
Calculate the remainder when 423091 is divided by 2126.
17
Calculate the remainder when 81381 is divided by 2794.
355
Calculate the remainder when 25393 is divided by 12480.
433
What is the remainder when 9442 is divided by 7549?
1893
What is the remainder when 767327 is divided by 3487?
187
What is the remainder when 928835 is divided by 129?
35
Calculate the remainder when 8894374 is divided by 3066.
2974
What is the remainder when 1911981 is divided by 29873?
109
Calculate the remainder when 38562329 is divided by 4820289.
17
What is the remainder when 324487 is divided by 4394?
3725
What is the remainder when 4487780 is divided by 40?
20
What is the remainder when 2928676 is divided by 3083?
2909
Calculate the remainder when 331397 is divided by 13245.
272
Calculate the remainder when 1057817 is divided by 1822.
1057
Calculate the remainder when 1581865 is divided by 263530.
685
Calculate the remainder when 36834993 is divided by 217.
111
What is the remainder when 5288590 is divided by 1383?
1381
What is the remainder when 2507404 is divided by 21?
4
What is the remainder when 203117732 is divided by 13?
12
What is the remainder when 888030 is divided by 60?
30
What is the remainder when 29808 is divided by 132?
108
Calculate the remainder when 232457 is divided by 9572.
2729
What is the remainder when 90067 is divided by 52?
3
Calculate the remainder when 4021312 is divided by 442.
438
What is the remainder when 1109012201 is divided by 34?
31
What is the remainder when 63831154 is divided by 384525?
4
What is the remainder when 13792496 is divided by 30?
26
Calculate the remainder when 59873 is divided by 60.
53
Calculate the remainder when 4110511 is divided by 11.
9
Calculate the rem